me number?
False
Suppose -7*m - 61967 = -195233. Let g = m - 9989. Is g a prime number?
True
Let y(h) be the second derivative of 11*h**5/10 - 3*h**4/4 + 4*h**3/3 - h**2 - 36*h. Is y(5) prime?
False
Let b(k) = 1242*k**3 + 3*k**2 - 4*k + 2. Let v be b(1). Suppose 0 = -4*r + 10511 - v. Is r a prime number?
False
Let c = -3292 - -5318. Let n be (-2 + -5)/((-2)/10). Is c/14 - (-10)/n composite?
True
Let n(q) = 202*q**2 + 21*q - 8. Let y be -1 + -1*(6 + -10) + 2. Is n(y) prime?
True
Let m(f) = 13486*f - 1269. Is m(5) composite?
False
Suppose q = -3*l - 53, -2*l - 61 = l - q. Is (29258/(-4))/(l/38) a prime number?
True
Let i(j) = 429*j**2 - 33*j - 41. Is i(-6) a prime number?
True
Suppose -4*j = -c + 2, 2*c + 2*j = -j - 7. Is -9831*(c - -4)/(-6*1) a composite number?
True
Let n = -1471 + -2667. Let p = n - -9107. Is p a prime number?
True
Suppose -160 = -4*s - l, -3*s - 3*l = l - 107. Suppose 4*n = -2*t - 270, -4*n + 3*t - 224 = s. Let f = 116 + n. Is f prime?
False
Let p(a) be the third derivative of 67*a**4/4 + 2*a**3/3 - 2*a**2. Let y be p(4). Let g = -705 + y. Is g a composite number?
False
Is (17881/(-8))/(-14 - 2331/(-168)) composite?
False
Suppose l - 8 = 3*w, -2*l - 10 + 2 = 0. Let g be 3*(69/9 + -4 + w). Is g/(-3) - (1 + (-2975)/3) prime?
True
Let u = -378 + 1552. Is u/(-3)*51/(-34) composite?
False
Let z = 300 + -294. Suppose -3*j = -2*d + 41, 3*j - 40 = 5*j + 5*d. Is ((-11283)/j)/(z/30) a prime number?
True
Suppose b - 9 = -10. Let k be ((-2)/(-5))/(b/30). Let d(s) = s**2 + 10*s - 14. Is d(k) prime?
False
Suppose -86*y + 12661775 = -51*y. Is y composite?
True
Let c(r) = 17*r**2 - 71*r. Let s be c(4). Let q(v) = -17*v**2 + 15*v + 15. Let d(a) = -1. Let o(x) = 4*d(x) - q(x). Is o(s) composite?
False
Suppose 68*a - 66*a + 25253 = 5*t, 3*t = 3*a + 15150. Is t prime?
True
Let y(m) be the first derivative of 17*m**3/3 + 5*m**2/2 - 5*m - 1. Suppose -3*b + 8 = j, 4*j + 16 = -0*b + 4*b. Is y(b) a prime number?
True
Let v(t) = 26231*t + 195. Is v(2) composite?
True
Let o be (1 - 0)/(490/(-50) + 10). Suppose 0 = o*p + 21*p - 344578. Is p prime?
False
Suppose -z - 3*n - 1 = n, -4*z + n - 4 = 0. Let i(g) = -11563*g**3 - g**2 - g. Is i(z) a composite number?
True
Let m = 481689 - 208138. Is m a composite number?
False
Is (-64)/1728 + (-833788)/(-27) composite?
False
Suppose 0 = -v + 3*v. Let j be 20/(-24) - 43692/(-72). Suppose -j = -v*n - 2*n. Is n prime?
False
Suppose 4*a + 98 = a + k, -2*k - 2 = 0. Let q = 38 + a. Suppose -2*i - q*b = -4676, 6*i = 8*i + 4*b - 4674. Is i prime?
True
Let j be 4/(16/165750) - 22/44. Suppose -3*a + j = -2*n, 43*a - 3*n + 55238 = 47*a. Is a a prime number?
False
Suppose 40*j + 359 + 1 = 0. Is 18/j - (-4 - -8 - 3403) composite?
True
Suppose 34*y = 30*y + 136140. Suppose -6*a + y = 9*a. Is a a prime number?
True
Let b = -3112623 + 5079794. Is b composite?
False
Is ((-969683)/(-2) + 1)*314/785 a prime number?
True
Let o = 1 + 11. Suppose 4*v - 2 = 5*h, -h - v = 4*v + o. Is (-253)/(-2) + (-1)/h a prime number?
True
Let d(a) = 191*a**2 + 190*a - 38. Is d(-23) prime?
False
Let k = -31157 + 64414. Is k a prime number?
False
Suppose 8*o = 7*o + 6. Let n = o - 3. Suppose -5*u - 710 - 1797 = -3*k, -n*k + 3*u + 2511 = 0. Is k a prime number?
True
Let r(q) = 1919*q + 240. Let h(n) = 384*n + 48. Let c(b) = 11*h(b) - 2*r(b). Let d be c(11). Suppose -8*l + d = -5010. Is l a prime number?
True
Let d(a) = -a - 1. Suppose 7*f = -7 - 0. Let u be d(f). Let y(k) = -k**2 - 2*k + 695. Is y(u) prime?
False
Let t = -146942 - -257859. Is t a prime number?
True
Let x(r) = -7*r**3 + 21*r**2 - 28*r + 31. Let a be x(-23). Suppose 638926 = 51*d - a. Is d composite?
True
Suppose 9*f = 8978 - 31532. Suppose -5*r - 784 = a + 884, 4*r = 3*a + 4947. Let g = a - f. Is g a prime number?
True
Let l be (23/69)/((-1)/27). Is (-3)/(-2)*(-8286)/l composite?
False
Suppose 0 = s - 93 + 45. Suppose 43*a = s*a - 16495. Is a a prime number?
True
Let c(u) = -285*u + 16. Let w(v) = 4*v**2 + v. Let h be w(2). Suppose h*f = 22*f + 20. Is c(f) prime?
False
Is 1894344/5 + (8 - (-273)/(-35)) a composite number?
False
Let v(q) = 242*q**2 + 32*q + 547. Is v(36) prime?
False
Is 2/7*((-4)/(-50) - 1454580690/(-750)) composite?
True
Suppose 5*m = 6*x + 4534223, 16*m - 18*m - 2*x = -1813720. Is m prime?
False
Let o(d) = -d**3 + 13*d**2 - 10*d - 16. Let i be o(12). Is i/(-20) + 4017/5 a prime number?
False
Let s(t) = 53*t**2 + 84*t + 41. Let d(r) = -14*r**2 - 21*r - 10. Let j(v) = -9*d(v) - 2*s(v). Is j(-17) composite?
False
Let v(f) = -f**3 + 7*f**2 + 12*f + 13. Let s be v(8). Suppose 4*d + 4*l - s = 47, 3*d + 4*l = 74. Is ((-4)/d - 4834/36)*-2 a composite number?
False
Suppose 3 = -10*p + 63. Suppose -4*u - 8713 = -3*h, 4*h + 2*u = p*u + 11612. Is h a composite number?
True
Suppose -3*x = -2*p - 8, -4 = -5*p + x + 2. Suppose -p*u = -2*z + 15462, -2*u = 3*z - u - 23177. Is z prime?
True
Let h be (-23)/(-3) + (7 - 184/24). Suppose -h*g = -3*g - 13628. Is g a prime number?
True
Let n = -168620 - -439831. Is n composite?
False
Suppose -8 = 26*c - 28*c. Suppose -c*a = a - 22370. Is a a composite number?
True
Suppose 4*x = -x + 372568 + 898027. Is x a composite number?
False
Let t = 76 - 77. Let q be 6 + (t - 6/2). Is (-1)/(q/(-542))*(-2 + 7) prime?
False
Suppose 0 = -3*f - 4*s + 2 - 11, 2*f + 10 = -4*s. Is (19884/(-30))/(f - 35/25) composite?
False
Let u(q) = -48*q + 51. Let j be u(1). Is (-3)/j*-5927 - (-19 - -23) a prime number?
True
Let k(t) be the first derivative of 26*t**3 - 3*t**2/2 - 32*t - 169. Is k(5) a composite number?
True
Let w(j) = 2*j + 2 - j**2 - 3 + 17*j**3 - 20*j**3 + 3. Let h be w(-1). Suppose -2*c + 147 + 79 = -4*g, -h*c = 5*g - 262. Is c a prime number?
False
Let q(v) = 2842*v - 795. Is q(8) prime?
False
Suppose -47*v + 6083860 = -27*v. Is v a prime number?
True
Suppose -7*i - 6449 = -8*i + 5*k, -i - 4*k + 6413 = 0. Is i prime?
False
Let s be 12076 - (-14)/7 - -5. Suppose -3*u + s = 2*w - 4*u, 2*w - 12089 = -u. Is w composite?
False
Let n = 1277 - 768. Suppose d - 4 = -2*d + 2*k, 2*d - k = 2. Suppose 738 = 3*g + q, -2*g + d*q + 5*q + n = 0. Is g a prime number?
False
Suppose w + 3*w + 5*m = 41, 0 = -2*w - m + 19. Suppose -5*p = -2*k - w, -3*k + 2*p = k - 22. Suppose -14*u = -k*u - 210. Is u composite?
True
Let o(q) = -q**3 - 22*q**2 + 38*q - 10. Let k be o(17). Let b = -4742 - k. Is b a prime number?
False
Let c(m) = -23*m**2 + 22*m + 7. Let g be c(9). Is -8*g*5/40 prime?
False
Let b be 3*4/9*(-57)/38. Is (b/4)/((24/6)/(-33608)) composite?
False
Let j(f) be the first derivative of -f**4/4 + 22*f**3/3 - 8*f**2 - 16*f + 50. Is j(21) a composite number?
False
Let p = 179583 - 57331. Is (-48)/72 + p/12 a composite number?
True
Let l(y) = -111*y - 24. Let u be 1/(2/(-22)) + 4. Let n be l(u). Suppose 0 = b - n - 256. Is b prime?
True
Let u = 54 + -48. Let f(h) = 8*h**3 - 2*h**2 - h - 9. Let i be f(u). Let z = i - 928. Is z composite?
True
Let c = -7608 - -10663. Let l = 1755 - c. Let m = l - -2397. Is m a prime number?
True
Let h = 38351 - 24420. Is h a composite number?
False
Suppose -10 = -8*p + 3*p. Suppose -8*l + 20950 = p*l. Is l prime?
False
Suppose 2*n - m = 2224, 0 = 2*n - 2*m - 2*m - 2224. Suppose -1115 = -2*r + 3*z, -8*r + 4*z = -6*r - n. Let b = r - 83. Is b a composite number?
False
Let u(k) = -3*k**2 + 34*k - 7. Let p be u(11). Suppose 2*z - 13882 = x - p*x, 0 = 2*z + 5*x - 13874. Is z a prime number?
True
Let d(a) = a**2 + 9*a - 32. Let b be d(-12). Suppose -3 = -b*h + 5*p, -2*p = h - 2*h. Suppose 1380 = 2*c - m, -4*m = h*c - 1631 + 241. Is c composite?
False
Let o(c) = 8780*c**3 - 2*c**2 + 2*c - 1. Let a be (6/(6/3))/(15/5). Is o(a) a composite number?
False
Suppose -2*c + 3*w + 14 = -8, 5*c + 3*w - 13 = 0. Suppose -5*v + 13 = -7, -4*v = -c*h + 8949. Is h a composite number?
True
Let c = -2290489 + 3807680. Is c a prime number?
False
Suppose -12513597 = -140*t + 127619512 + 202972591. Is t a composite number?
True
Let n = -254 + 330. Let g(c) = c + 8. Let k be g(-8). Suppose 4*y + 8 = k, n = 2*a - 5*y + 20. Is a a prime number?
True
Suppose -862116 = 19128*y - 19140*y. Is y a prime number?
True
Let k(z) = -6*z - 11*z - 239 + 199*z**2 - 6*z + 6*z + 238. Is k(6) composite?
True
Let l = 1423 + -589. Is 123/((-4152)/l - 0 - -5) composite?
True
Let o = -2